72 is divided by 146534.
4
What is the remainder when 31380 is divided by 144?
132
Calculate the remainder when 30393 is divided by 479.
216
Calculate the remainder when 20378 is divided by 249.
209
Calculate the remainder when 5049 is divided by 80.
9
Calculate the remainder when 10855 is divided by 3505.
340
Calculate the remainder when 89244 is divided by 44543.
158
Calculate the remainder when 71678 is divided by 255.
23
Calculate the remainder when 2064 is divided by 672.
48
What is the remainder when 839991 is divided by 2234?
7
What is the remainder when 4066 is divided by 49?
48
Calculate the remainder when 5456 is divided by 14.
10
What is the remainder when 5807334 is divided by 29?
26
What is the remainder when 250511 is divided by 57?
53
Calculate the remainder when 6484 is divided by 1930.
694
What is the remainder when 6558 is divided by 3275?
8
Calculate the remainder when 614700 is divided by 122939.
5
Calculate the remainder when 4167 is divided by 1385.
12
What is the remainder when 20447 is divided by 110?
97
What is the remainder when 198430 is divided by 312?
310
What is the remainder when 950646 is divided by 12?
6
What is the remainder when 151886 is divided by 42?
14
What is the remainder when 47043 is divided by 280?
3
Calculate the remainder when 413800 is divided by 29.
28
What is the remainder when 30031 is divided by 2703?
298
What is the remainder when 74184 is divided by 19?
8
Calculate the remainder when 5631 is divided by 1016.
551
Calculate the remainder when 90847 is divided by 909.
856
What is the remainder when 510575 is divided by 1395?
5
Calculate the remainder when 965 is divided by 337.
291
What is the remainder when 11503 is divided by 2807?
275
What is the remainder when 131428 is divided by 4532?
0
Calculate the remainder when 4821 is divided by 603.
600
Calculate the remainder when 23597 is divided by 492.
473
What is the remainder when 10157 is divided by 3339?
140
Calculate the remainder when 22169 is divided by 1889.
1390
What is the remainder when 37305 is divided by 7?
2
Calculate the remainder when 1090 is divided by 1059.
31
What is the remainder when 19861 is divided by 288?
277
What is the remainder when 8749 is divided by 111?
91
What is the remainder when 4340 is divided by 4239?
101
What is the remainder when 24925 is divided by 1141?
964
What is the remainder when 3476 is divided by 1743?
1733
What is the remainder when 16486 is divided by 196?
22
What is the remainder when 840 is divided by 89?
39
Calculate the remainder when 2346 is divided by 770.
36
What is the remainder when 8293 is divided by 2634?
391
Calculate the remainder when 1544682 is divided by 435.
432
What is the remainder when 2001 is divided by 97?
61
Calculate the remainder when 5197 is divided by 48.
13
Calculate the remainder when 11558 is divided by 1277.
65
What is the remainder when 92686 is divided by 736?
686
Calculate the remainder when 12956 is divided by 26.
8
Calculate the remainder when 37215 is divided by 5315.
10
What is the remainder when 14440 is divided by 3608?
8
Calculate the remainder when 25204 is divided by 12564.
76
What is the remainder when 13213 is divided by 471?
25
What is the remainder when 157555 is divided by 861?
853
What is the remainder when 1048 is divided by 340?
28
What is the remainder when 19413 is divided by 535?
153
What is the remainder when 76519 is divided by 4027?
6
Calculate the remainder when 2194 is divided by 564.
502
What is the remainder when 275885 is divided by 235?
230
What is the remainder when 45382 is divided by 49?
8
What is the remainder when 91789 is divided by 24?
13
What is the remainder when 15315 is divided by 7596?
123
What is the remainder when 6973 is divided by 78?
31
What is the remainder when 6839 is divided by 498?
365
What is the remainder when 864649 is divided by 173?
168
Calculate the remainder when 577 is divided by 47.
13
Calculate the remainder when 56564 is divided by 155.
144
What is the remainder when 5773 is divided by 3335?
2438
What is the remainder when 49106 is divided by 744?
2
What is the remainder when 7010 is divided by 200?
10
Calculate the remainder when 72362 is divided by 247.
238
Calculate the remainder when 28712 is divided by 51.
50
Calculate the remainder when 224 is divided by 148.
76
Calculate the remainder when 85135 is divided by 85125.
10
What is the remainder when 26790 is divided by 893?
0
Calculate the remainder when 6825 is divided by 847.
49
What is the remainder when 2021 is divided by 24?
5
What is the remainder when 95456 is divided by 254?
206
What is the remainder when 2787 is divided by 316?
259
What is the remainder when 407345 is divided by 423?
419
Calculate the remainder when 106531 is divided by 433.
13
Calculate the remainder when 13045 is divided by 59.
6
Calculate the remainder when 22935 is divided by 10.
5
Calculate the remainder when 1929 is divided by 391.
365
What is the remainder when 793576 is divided by 69?
7
What is the remainder when 26203 is divided by 544?
91
What is the remainder when 74862 is divided by 18587?
514
Calculate the remainder when 4230 is divided by 4219.
11
What is the remainder when 15087 is divided by 46?
45
Calculate the remainder when 98198 is divided by 5.
3
What is the remainder when 33535 is divided by 40?
15
What is the remainder when 133 is divided by 6?
1
What is the remainder when 15472 is divided by 5143?
43
What is the remainder when 80829 is divided by 7?
0
Calculate the remainder when 3381 is divided by 838.
29
What is the remainder when 6968 is divided by 3473?
22
Calculate the remainder when 65251 is divided by 65241.
10
What is the remainder when 21938 is divided by 20?
18
What is the remainder when 19774 is divided by 13?
1
What is the remainder when 127320 is divided by 626?
242
What is the remainder when 270676 is divided by 927?
919
Calculate the remainder when 5886 is divided by 272.
174
What is the remainder when 185 is divided by 90?
5
What is the remainder when 403359 is divided by 18?
15
Calculate the remainder when 9910 is divided by 40.
30
Calculate the remainder when 11113 is divided by 449.
337
Calculate the remainder when 8331 is divided by 103.
91
What is the remainder when 78518 is divided by 15702?
8
What is the remainder when 8714 is divided by 8702?
12
Calculate the remainder when 140951 is divided by 267.
242
What is the remainder when 477593 is divided by 507?
506
What is the remainder when 5536864 is divided by 89?
85
Calculate the remainder when 82437 is divided by 693.
663
What is the remainder when 1221 is divided by 39?
12
Calculate the remainder when 1656 is divided by 294.
186
Calculate the remainder when 165790 is divided by 1417.
1
What is the remainder when 9473 is divided by 256?
1
What is the remainder when 1900068 is divided by 17?
12
Calculate the remainder when 1829 is divided by 598.
35
Calculate the remainder when 153389 is divided by 43.
8
What is the remainder when 4488114 is divided by 546?
540
What is the remainder when 82157 is divided by 40?
37
What is the remainder when 6981 is divided by 6961?
20
Calculate the remainder when 806 is divided by 17.
7
What is the remainder when 6251 is divided by 42?
35
What is the remainder when 120430 is divided by 451?
13
Calculate the remainder when 24811 is divided by 22.
17
Calculate the remainder when 15039 is divided by 431.
385
What is the remainder when 12679 is divided by 1236?
319
What is the remainder when 5058 is divided by 54?
36
What is the remainder when 7604 is divided by 2528?
20
Calculate the remainder when 579 is divided by 180.
39
Calculate the remainder when 102516 is divided by 9.
6
Calculate the remainder when 7164 is divided by 60.
24
Calculate the remainder when 4485 is divided by 285.
210
Calculate the remainder when 15722 is divided by 5058.
548
What is the remainder when 14126 is divided by 1012?
970
What is the remainder when 84817 is divided by 237?
208
What is the remainder when 1771 is divided by 879?
13
Calculate the remainder when 21317 is divided by 77.
65
What is the remainder when 7436 is divided by 185?
36
What is the remainder when 10694 is divided by 28?
26
Calculate the remainder when 59769 is divided by 53.
38
Calculate the remain